c(19).
-13
Let s(u) = -u**3 + 4*u**2 + 8*u - 31. Give s(5).
-16
Let o(w) = 371*w - 3560. What is o(10)?
150
Let a(f) = -2*f**3 - 9*f**2 - 13*f - 27. Calculate a(-4).
9
Let z(g) = 4*g**2 - 9*g - 176. Calculate z(-12).
508
Let q(k) = -4*k + 137. Determine q(-17).
205
Let t(b) = b**3 + 27*b**2 + 53*b + 45. What is t(-25)?
-30
Let r(c) = 11*c**2 - 106*c + 10. Calculate r(9).
-53
Let k(a) = a**3 + 19*a**2 + 89*a - 22. Give k(-9).
-13
Let c(q) = -q**2 + 75*q + 19. Determine c(0).
19
Let r(o) = o**3 - 30*o**2 - 201*o + 4384. Determine r(32).
0
Let o(a) = a**3 - 56*a**2 - 54*a - 93. Calculate o(57).
78
Let q(v) = v**3 - 7*v**2 - 368*v + 2634. Calculate q(7).
58
Let q(l) = 18*l + 811. Calculate q(-45).
1
Let p(k) = k**3 - 24*k**2 + 78*k + 43. Determine p(20).
3
Let a(w) = 46*w - 17. Give a(-6).
-293
Let o(u) = 8*u**3 - 7*u**2 + 4. Calculate o(2).
40
Let p(m) = -5*m**2 - 394*m + 1561. Calculate p(4).
-95
Let a(b) = -2994*b - 9000. What is a(-3)?
-18
Let r(u) = 260*u + 36650. Determine r(-141).
-10
Let v(k) = -2*k**2 + 31*k - 107. Determine v(11).
-8
Let s(y) = -149*y + 4163. What is s(28)?
-9
Let k(l) = l**2 - 55*l + 655. What is k(18)?
-11
Let q(t) = -190*t + 1325. Calculate q(7).
-5
Let s(g) = -g**3 + 24*g**2 - 45*g - 96. Determine s(22).
-118
Let f(t) = -12*t**2 - 1071*t - 170. Determine f(-89).
97
Let q(k) = -17335*k + 86669. Calculate q(5).
-6
Let o(l) = -586*l + 5858. What is o(10)?
-2
Let r(v) = v**3 + 9*v**2 - 14*v - 33. What is r(-6)?
159
Let l(a) = a**2 + 17*a + 103. Determine l(-8).
31
Let j(h) = 2*h**2 + 26*h + 7. What is j(-7)?
-77
Let r(j) = -j**3 - 2*j**2 + 5*j - 10. Give r(-7).
200
Let r(c) = -c - 46. What is r(-27)?
-19
Let t(i) = i**2 + 31*i + 406. What is t(-17)?
168
Let t(i) = -3*i**2 - 63*i + 78. Give t(-21).
78
Let r(d) = -2*d**3 - 136*d**2 - 6*d - 415. Give r(-68).
-7
Let d(i) = i**3 + 14*i**2 + 3*i + 348. Calculate d(-16).
-212
Let t(b) = b**3 - 40*b**2 - 187*b + 2488. Determine t(43).
-6
Let k(y) = -12*y - 459. Calculate k(7).
-543
Let j(x) = 57*x**2 - 4*x - 3. Give j(-1).
58
Let r(f) = f**2 - 24*f - 1088. What is r(54)?
532
Let h(v) = 6176*v + 30885. Calculate h(-5).
5
Let g(t) = -t**3 + 111*t**2 - 132*t + 2392. What is g(110)?
-28
Let d(h) = -h**3 + 17*h**2 - 25*h - 143. Give d(13).
208
Let i(b) = 2*b**2 - 27*b + 17. Calculate i(2).
-29
Let g(o) = -o**3 + 17*o**2 - 4*o + 63. Give g(17).
-5
Let g(s) = 2*s**3 + 24*s**2 + 41*s - 6. Calculate g(-5).
139
Let r(l) = -66*l + 1952. Determine r(29).
38
Let q(t) = 10*t**2 - 8*t + 20. Give q(4).
148
Let w(g) = -3988*g + 23918. Determine w(6).
-10
Let s(r) = -56*r + 847. Determine s(14).
63
Let t(l) = -4*l**3 - 22*l**2 + 11*l - 11. Calculate t(-6).
-5
Let i(u) = 7*u**2 - 381*u + 1201. Give i(51).
-23
Let g(v) = -v**2 + 559*v - 15. Calculate g(0).
-15
Let y(l) = 114*l - 1861. Determine y(17).
77
Let p(y) = -441*y + 439. Give p(1).
-2
Let k(g) = g**3 - 42*g**2 + 203*g + 51. What is k(6)?
-27
Let c(v) = -2*v**2 - 10*v - 62. Calculate c(-8).
-110
Let q(c) = c**2 + 213*c - 1761. Give q(8).
7
Let m(d) = d**3 - 23*d**2 + 36*d - 42. Give m(22).
266
Let y(n) = -15*n - 774. Calculate y(-51).
-9
Let s(i) = i**3 - 43*i - 43. What is s(-1)?
-1
Let l(g) = g**2 - 47*g - 12. What is l(47)?
-12
Let l(z) = z**2 + 28*z - 120. What is l(-30)?
-60
Let b(i) = -244*i + 1796. Give b(7).
88
Let b(m) = 19*m**2 - 205*m - 411. What is b(-2)?
75
Let d(c) = -201*c - 11865. Determine d(-59).
-6
Let n(s) = -74*s - 648. Calculate n(-9).
18
Let y(x) = 390*x + 1119. Give y(-3).
-51
Let z(y) = -y**2 - 4*y + 134. Calculate z(-14).
-6
Let s(w) = w**3 - 8*w**2 + 6*w + 4. Calculate s(3).
-23
Let a(t) = t**3 - 112*t**2 - 240*t + 1375. What is a(114)?
7
Let d(t) = t**3 + 64*t**2 + 127*t + 192. Calculate d(-62).
6
Let m(f) = -f**3 - 3*f**2 - 21*f - 56. What is m(-3)?
7
Let h(q) = q**2 - 30*q + 30. Calculate h(21).
-159
Let q(r) = 6*r - 118. What is q(22)?
14
Let f(x) = 2*x**2 - 37*x - 611. What is f(-10)?
-41
Let f(d) = -6*d**2 + 138*d - 9. Give f(0).
-9
Let n(y) = -y**3 + 16*y**2 - 28*y - 8. What is n(14)?
-8
Let a(h) = -h**3 - 204*h**2 - 415*h - 2240. Calculate a(-202).
-18
Let p(i) = i**3 + 14*i**2 + i + 12. Calculate p(-14).
-2
Let j(a) = -83*a - 548. What is j(0)?
-548
Let b(y) = -35*y**2 + 94*y - 275. Determine b(3).
-308
Let t(n) = -3*n**3 + 85*n**2 - 33*n + 73. Give t(28).
-67
Let a(b) = 15*b**2 + 11*b - 17. Determine a(3).
151
Let p(h) = 29*h**2 + 107*h - 7. Give p(-4).
29
Let k(t) = t**3 - 14*t**2 + 20*t - 158. What is k(12)?
-206
Let w(y) = 16*y + 92. What is w(-4)?
28
Let k(t) = 39*t**2 - t. What is k(-1)?
40
Let z(j) = -12*j**2 + 62*j + 293. Give z(-5).
-317
Let z(q) = 65*q + 414. What is z(-8)?
-106
Let p(l) = -43*l + 110. Calculate p(3).
-19
Let g(o) = 187*o**3 + 8*o**2 + 6*o. What is g(-1)?
-185
Let s(k) = -11*k + 28. Give s(2).
6
Let x(c) = -c**3 - 4*c**2 + 89*c + 61. Calculate x(8).
5
Let t(a) = -2*a**3 + 14*a**2 + a - 13. What is t(7)?
-6
Let n(m) = m**3 - 6*m**2 - 103*m + 718. Give n(7).
46
Let v(d) = -d**3 - 57*d**2 + 221*d - 1402. Determine v(-61).
1
Let t(v) = 1378*v + 6910. Determine t(-5).
20
Let i(b) = -2*b**2 - 234*b + 4560. Determine i(-134).
4
Let u(n) = 20*n - 1306. Calculate u(68).
54
Let v(p) = -97*p + 1174. Calculate v(12).
10
Let a(v) = -4199*v - 25186. Determine a(-6).
8
Let u(i) = i**3 + 31*i**2 - 29*i + 109. Determine u(-32).
13
Let y(s) = 41*s - 1351. Calculate y(31).
-80
Let b(l) = -62*l + 1287. What is b(21)?
-15
Let z(j) = j**3 - 14*j**2 + 68*j - 1147. Give z(14).
-195
Let s(z) = -31*z - 77. Give s(-6).
109
Let u(i) = -83*i**2 - 5132*i + 879. Determine u(-62).
11
Let c(p) = -8*p**2 - 234*p + 1692. Calculate c(6).
0
Let m(z) = -z**3 - 93*z**2 - 99*z + 103. Calculate m(-92).
747
Let d(x) = 2*x**2 + 11*x + 16. Give d(-7).
37
Let a(o) = o**2 + 70*o + 821. Calculate a(-28).
-355
Let n(y) = 3*y**2 - 47*y + 18. What is n(14)?
-52
Let n(k) = -k**2 + 21*k + 63. Calculate n(21).
63
Let k(z) = 2*z**3 - 58*z**2 + 161*z - 95. Give k(26).
35
Let m(l) = 3*l**2 - 131*l - 71. Calculate m(44).
-27
Let y(t) = t**3 + 107*t**2 + 42*t + 4600. Give y(-107).
106
Let c(q) = 13*q - 222. Give c(18).
12
Let s(v) = -v**3 - 137*v**2 - 404*v - 8. Calculate s(-3).
-2
Let g(j) = -j**2 + 9*j - 23. Give g(3).
-5
Let i(b) = -3*b**3 - 11*b**2 + 2*b + 2. What is i(-3)?
-22
Let n(a) = a**3 - 11*a**2 + 14*a - 13. Calculate n(8).
-93
Let h(b) = 3*b**2 - 8*b - 281. Give h(11).
-6
Let n(h) = -303*h - 8808. Determine n(-29).
-21
Let d(i) = 6*i**2 - 580*i + 383. What is d(96)?
-1
Let w(a) = 833*a + 25820. Determine w(-31).
-3
Let s(b) = b**3 - 39*b**2 + 52*b - 560. What is s(38)?
-28
Let j(k) = -7*k + 227. What is j(32)?
3
Let l(s) = 59*s - 1243. What is l(25)?
232
Let c(v) = 3*v**3 - 23*v**2 + 18*v - 21. What is c(7)?
7
Let c(n) = 85*n - 8489. What is c(100)?
11
Let o(b) = 9*b**2 - 173*b - 25. Give o(20).
115
Let i(g) = -g**3 + 6*g**2 + 23*g - 125. Calculate i(4).
-1
Let p(d) = 5*d**3 - 555*d**2 + 3*d - 343. What is p(111)?
-10
Let i(t) = -t**2 - 400*t + 1635. What is i(4)?
19
Let f(i) = i**3 + 2*i**2 - 2*i + 6. What is f(0)?
6
Let s(w) = -5*w**2 - 31. What is s(6)?
-211
Let v(p) = p**2 + 362*p - 9257. Calculate v(24).
7
Let x(h) = h**2 + 4823*h + 33728. Calculate x(-7).
16
Let z(y) = -y**3 - 10*y**2 - 20*y - 281. Calculate z(-10).
-81
Let i(h) = -81*h + 3083. Give i(38).
5
Let y(m) = 3*m**2 - 465*m + 1820. Calculate y(4).
8
Let c(z) = 7*z**2 + 328*z + 119. Calculate c(-47).
166
Let a(y) = 37*y + 1019. Determine a(-29).
-54
Let o(b) = -178*b**2 + 271*b - 272. Determine o(1).
-179
Let g(o) = o**3 - 37*o**2 - 80*o - 6. Determine g(39).
-84
Let t(d) = -d**3 - 110*d**2 - 2004*d - 261. Give t(-87).
0
Let w(s) = 5*s**3 + 18*s**2 + 20*s + 31. What is w(-3)?
-2
Let n(c) = -2*c**3 - 7*c**2 - 166*c - 1178. Calculate n(-6).
-2
Let t(u) = -2*u**3 + 97*u**2 - 48*u + 12. Calculate t(48).
12
Let s(g) = -g**2 - 46*g + 3342. Calculate s(39).
27
Let d(n) = -11*n + 447. What is d(43)?
-26
Let h(t) = 233*t - 1388. What is h(6)?
10
Let m(v) = -89*v + 596. Give m(5).
151
Let v(c) = -5*c**3 + 3*c**2 + c - 8. Give v(3).
-113
Let h(a) = 202*a - 27282. Determine h(135).
-12
Let p(b) = 14*b - 414. What is p(29)?
-8
Let o(r) = 3*r**3 + 99*r**2 + 80*r - 518. What is o(-32)?
-6
Let l(j) = 452*j - 9020. Calculate l(20).
20
Let n(a) = 203*a + 5478. Determine n